{"id":7706,"date":"2020-03-10T11:26:12","date_gmt":"2020-03-10T08:26:12","guid":{"rendered":"http:\/\/dogaltasci.com\/?post_type=product&#038;p=7706"},"modified":"2020-03-10T11:26:13","modified_gmt":"2020-03-10T08:26:13","slug":"patlatma-traverten","status":"publish","type":"product","link":"https:\/\/eskisehirdogaltas.com\/?product=patlatma-traverten","title":{"rendered":"Patlatma Traverten"},"content":{"rendered":"<p>Patlatma traverten, do\u011fal ta\u015f dekorasyon uygulamalar\u0131m\u0131z\u0131n en yayg\u0131n malzemelerinden biridir.\u00a0 Uyguland\u0131\u011f\u0131 mekanlara e\u015fsiz bir g\u00fczellik katmakla kalmaz, ayn\u0131 zamanda b\u00fct\u00fcn do\u011fal ta\u015f \u00fcr\u00fcnlerinde oldu\u011fu gibi, bir kaplama malzemesi olarak \u0131\u015f\u0131\u011f\u0131 yans\u0131tma, nem ve hava ge\u00e7irgenli\u011fi, \u0131s\u0131y\u0131 koruma, ge\u00e7 \u0131s\u0131nma ge\u00e7 so\u011fuma ve hatta akustik \u00f6zellikleri gibi pek \u00e7ok \u00fcst\u00fcn \u00f6zelli\u011fe sahiptir.<\/p>\n<p>Traverten malzeme \u00fczeri cilalanarak pek \u00e7ok \u0131slak zeminde, mutfak ve lavabo gibi alanlarda kullan\u0131lmaktad\u0131r, bunun yan\u0131nda patlatma traverten zemin ve \u00e7at\u0131 haricinde yap\u0131n\u0131n hemen her yerinde kullan\u0131labilir.\u00a0 \u00d6zellikle yap\u0131 i\u00e7i uygulamalarda uygun ayd\u0131nlatma ile olu\u015facak g\u00f6rsel \u015f\u00f6len sizi her seferinde kendine hayran b\u0131rakacak g\u00f6rselliktedir.<\/p>\n<p>Patlatma traverteni palet ve ton baz\u0131nda, \u00e7e\u015fitli ebat ve t\u00fcrlerde bizden almal\u0131s\u0131n\u0131z. \u00c7\u00fcnk\u00fc y\u0131llar\u0131n uzmanl\u0131\u011f\u0131 ile projenize en uygun malzemeyi en uygun fiyata bulabilece\u011finiz g\u00fcvenilir adres do\u011faltasci.com&#8217;dur.<\/p>\n","protected":false},"excerpt":{"rendered":"<p>Patlatma traverten, do\u011fal ta\u015f dekorasyon uygulamalar\u0131m\u0131z\u0131n en yayg\u0131n malzemelerinden biridir.\u00a0 Uyguland\u0131\u011f\u0131 mekanlara e\u015fsiz bir g\u00fczellik katmakla kalmaz, ayn\u0131 zamanda b\u00fct\u00fcn do\u011fal ta\u015f \u00fcr\u00fcnlerinde oldu\u011fu gibi, bir kaplama malzemesi olarak \u0131\u015f\u0131\u011f\u0131 yans\u0131tma, nem ve hava ge\u00e7irgenli\u011fi, \u0131s\u0131y\u0131 koruma, ge\u00e7 \u0131s\u0131nma ge\u00e7 so\u011fuma ve hatta akustik \u00f6zellikleri gibi pek \u00e7ok \u00fcst\u00fcn \u00f6zelli\u011fe sahiptir. Traverten malzeme \u00fczeri cilalanarak&#8230;<\/p>\n","protected":false},"featured_media":7722,"comment_status":"open","ping_status":"closed","template":"","meta":{"_acf_changed":false},"product_brand":[],"product_cat":[42],"product_tag":[],"class_list":{"0":"post-7706","1":"product","2":"type-product","3":"status-publish","4":"has-post-thumbnail","6":"product_cat-travertenler","8":"first","9":"instock","10":"shipping-taxable","11":"product-type-simple"},"acf":[],"yoast_head":"<!-- This site is optimized with the Yoast SEO plugin v24.6 - https:\/\/yoast.com\/wordpress\/plugins\/seo\/ -->\n<title>Patlatma Traverten - Eski\u015fehir do\u011falta\u015f<\/title>\n<meta name=\"robots\" content=\"index, follow, max-snippet:-1, max-image-preview:large, max-video-preview:-1\" \/>\n<link rel=\"canonical\" href=\"https:\/\/eskisehirdogaltas.com\/?product=patlatma-traverten\" \/>\n<meta property=\"og:locale\" content=\"tr_TR\" \/>\n<meta property=\"og:type\" content=\"article\" \/>\n<meta property=\"og:title\" content=\"Patlatma Traverten - Eski\u015fehir do\u011falta\u015f\" \/>\n<meta property=\"og:description\" content=\"Patlatma traverten, do\u011fal ta\u015f dekorasyon uygulamalar\u0131m\u0131z\u0131n en yayg\u0131n malzemelerinden biridir.\u00a0 Uyguland\u0131\u011f\u0131 mekanlara e\u015fsiz bir g\u00fczellik katmakla kalmaz, ayn\u0131 zamanda b\u00fct\u00fcn do\u011fal ta\u015f \u00fcr\u00fcnlerinde oldu\u011fu gibi, bir kaplama malzemesi olarak \u0131\u015f\u0131\u011f\u0131 yans\u0131tma, nem ve hava ge\u00e7irgenli\u011fi, \u0131s\u0131y\u0131 koruma, ge\u00e7 \u0131s\u0131nma ge\u00e7 so\u011fuma ve hatta akustik \u00f6zellikleri gibi pek \u00e7ok \u00fcst\u00fcn \u00f6zelli\u011fe sahiptir. Traverten malzeme \u00fczeri cilalanarak...\" \/>\n<meta property=\"og:url\" content=\"https:\/\/eskisehirdogaltas.com\/?product=patlatma-traverten\" \/>\n<meta property=\"og:site_name\" content=\"Eski\u015fehir do\u011falta\u015f\" \/>\n<meta property=\"article:modified_time\" content=\"2020-03-10T08:26:13+00:00\" \/>\n<meta property=\"og:image\" content=\"https:\/\/eskisehirdogaltas.com\/wp-content\/uploads\/2020\/03\/traverten-patlatma-15.jpg\" \/>\n\t<meta property=\"og:image:width\" content=\"800\" \/>\n\t<meta property=\"og:image:height\" content=\"450\" \/>\n\t<meta property=\"og:image:type\" content=\"image\/jpeg\" \/>\n<meta name=\"twitter:card\" content=\"summary_large_image\" \/>\n<meta name=\"twitter:label1\" content=\"Tahmini okuma s\u00fcresi\" \/>\n\t<meta name=\"twitter:data1\" content=\"1 dakika\" \/>\n<script type=\"application\/ld+json\" class=\"yoast-schema-graph\">{\"@context\":\"https:\/\/schema.org\",\"@graph\":[{\"@type\":\"WebPage\",\"@id\":\"https:\/\/eskisehirdogaltas.com\/?product=patlatma-traverten\",\"url\":\"https:\/\/eskisehirdogaltas.com\/?product=patlatma-traverten\",\"name\":\"Patlatma Traverten - Eski\u015fehir do\u011falta\u015f\",\"isPartOf\":{\"@id\":\"https:\/\/eskisehirdogaltas.com\/#website\"},\"primaryImageOfPage\":{\"@id\":\"https:\/\/eskisehirdogaltas.com\/?product=patlatma-traverten#primaryimage\"},\"image\":{\"@id\":\"https:\/\/eskisehirdogaltas.com\/?product=patlatma-traverten#primaryimage\"},\"thumbnailUrl\":\"https:\/\/eskisehirdogaltas.com\/wp-content\/uploads\/2020\/03\/traverten-patlatma-15.jpg\",\"datePublished\":\"2020-03-10T08:26:12+00:00\",\"dateModified\":\"2020-03-10T08:26:13+00:00\",\"breadcrumb\":{\"@id\":\"https:\/\/eskisehirdogaltas.com\/?product=patlatma-traverten#breadcrumb\"},\"inLanguage\":\"tr\",\"potentialAction\":[{\"@type\":\"ReadAction\",\"target\":[\"https:\/\/eskisehirdogaltas.com\/?product=patlatma-traverten\"]}]},{\"@type\":\"ImageObject\",\"inLanguage\":\"tr\",\"@id\":\"https:\/\/eskisehirdogaltas.com\/?product=patlatma-traverten#primaryimage\",\"url\":\"https:\/\/eskisehirdogaltas.com\/wp-content\/uploads\/2020\/03\/traverten-patlatma-15.jpg\",\"contentUrl\":\"https:\/\/eskisehirdogaltas.com\/wp-content\/uploads\/2020\/03\/traverten-patlatma-15.jpg\",\"width\":800,\"height\":450,\"caption\":\"Patlatma traverten\"},{\"@type\":\"BreadcrumbList\",\"@id\":\"https:\/\/eskisehirdogaltas.com\/?product=patlatma-traverten#breadcrumb\",\"itemListElement\":[{\"@type\":\"ListItem\",\"position\":1,\"name\":\"Ana sayfa\",\"item\":\"https:\/\/eskisehirdogaltas.com\/\"},{\"@type\":\"ListItem\",\"position\":2,\"name\":\"Shop\",\"item\":\"https:\/\/eskisehirdogaltas.com\/?page_id=2789\"},{\"@type\":\"ListItem\",\"position\":3,\"name\":\"Patlatma Traverten\"}]},{\"@type\":\"WebSite\",\"@id\":\"https:\/\/eskisehirdogaltas.com\/#website\",\"url\":\"https:\/\/eskisehirdogaltas.com\/\",\"name\":\"Eski\u015fehir do\u011falta\u015f\",\"description\":\"TA\u015e YAPI MARKET\",\"potentialAction\":[{\"@type\":\"SearchAction\",\"target\":{\"@type\":\"EntryPoint\",\"urlTemplate\":\"https:\/\/eskisehirdogaltas.com\/?s={search_term_string}\"},\"query-input\":{\"@type\":\"PropertyValueSpecification\",\"valueRequired\":true,\"valueName\":\"search_term_string\"}}],\"inLanguage\":\"tr\"}]}<\/script>\n<!-- \/ Yoast SEO plugin. -->","yoast_head_json":{"title":"Patlatma Traverten - Eski\u015fehir do\u011falta\u015f","robots":{"index":"index","follow":"follow","max-snippet":"max-snippet:-1","max-image-preview":"max-image-preview:large","max-video-preview":"max-video-preview:-1"},"canonical":"https:\/\/eskisehirdogaltas.com\/?product=patlatma-traverten","og_locale":"tr_TR","og_type":"article","og_title":"Patlatma Traverten - Eski\u015fehir do\u011falta\u015f","og_description":"Patlatma traverten, do\u011fal ta\u015f dekorasyon uygulamalar\u0131m\u0131z\u0131n en yayg\u0131n malzemelerinden biridir.\u00a0 Uyguland\u0131\u011f\u0131 mekanlara e\u015fsiz bir g\u00fczellik katmakla kalmaz, ayn\u0131 zamanda b\u00fct\u00fcn do\u011fal ta\u015f \u00fcr\u00fcnlerinde oldu\u011fu gibi, bir kaplama malzemesi olarak \u0131\u015f\u0131\u011f\u0131 yans\u0131tma, nem ve hava ge\u00e7irgenli\u011fi, \u0131s\u0131y\u0131 koruma, ge\u00e7 \u0131s\u0131nma ge\u00e7 so\u011fuma ve hatta akustik \u00f6zellikleri gibi pek \u00e7ok \u00fcst\u00fcn \u00f6zelli\u011fe sahiptir. Traverten malzeme \u00fczeri cilalanarak...","og_url":"https:\/\/eskisehirdogaltas.com\/?product=patlatma-traverten","og_site_name":"Eski\u015fehir do\u011falta\u015f","article_modified_time":"2020-03-10T08:26:13+00:00","og_image":[{"width":800,"height":450,"url":"https:\/\/eskisehirdogaltas.com\/wp-content\/uploads\/2020\/03\/traverten-patlatma-15.jpg","type":"image\/jpeg"}],"twitter_card":"summary_large_image","twitter_misc":{"Tahmini okuma s\u00fcresi":"1 dakika"},"schema":{"@context":"https:\/\/schema.org","@graph":[{"@type":"WebPage","@id":"https:\/\/eskisehirdogaltas.com\/?product=patlatma-traverten","url":"https:\/\/eskisehirdogaltas.com\/?product=patlatma-traverten","name":"Patlatma Traverten - Eski\u015fehir do\u011falta\u015f","isPartOf":{"@id":"https:\/\/eskisehirdogaltas.com\/#website"},"primaryImageOfPage":{"@id":"https:\/\/eskisehirdogaltas.com\/?product=patlatma-traverten#primaryimage"},"image":{"@id":"https:\/\/eskisehirdogaltas.com\/?product=patlatma-traverten#primaryimage"},"thumbnailUrl":"https:\/\/eskisehirdogaltas.com\/wp-content\/uploads\/2020\/03\/traverten-patlatma-15.jpg","datePublished":"2020-03-10T08:26:12+00:00","dateModified":"2020-03-10T08:26:13+00:00","breadcrumb":{"@id":"https:\/\/eskisehirdogaltas.com\/?product=patlatma-traverten#breadcrumb"},"inLanguage":"tr","potentialAction":[{"@type":"ReadAction","target":["https:\/\/eskisehirdogaltas.com\/?product=patlatma-traverten"]}]},{"@type":"ImageObject","inLanguage":"tr","@id":"https:\/\/eskisehirdogaltas.com\/?product=patlatma-traverten#primaryimage","url":"https:\/\/eskisehirdogaltas.com\/wp-content\/uploads\/2020\/03\/traverten-patlatma-15.jpg","contentUrl":"https:\/\/eskisehirdogaltas.com\/wp-content\/uploads\/2020\/03\/traverten-patlatma-15.jpg","width":800,"height":450,"caption":"Patlatma traverten"},{"@type":"BreadcrumbList","@id":"https:\/\/eskisehirdogaltas.com\/?product=patlatma-traverten#breadcrumb","itemListElement":[{"@type":"ListItem","position":1,"name":"Ana sayfa","item":"https:\/\/eskisehirdogaltas.com\/"},{"@type":"ListItem","position":2,"name":"Shop","item":"https:\/\/eskisehirdogaltas.com\/?page_id=2789"},{"@type":"ListItem","position":3,"name":"Patlatma Traverten"}]},{"@type":"WebSite","@id":"https:\/\/eskisehirdogaltas.com\/#website","url":"https:\/\/eskisehirdogaltas.com\/","name":"Eski\u015fehir do\u011falta\u015f","description":"TA\u015e YAPI MARKET","potentialAction":[{"@type":"SearchAction","target":{"@type":"EntryPoint","urlTemplate":"https:\/\/eskisehirdogaltas.com\/?s={search_term_string}"},"query-input":{"@type":"PropertyValueSpecification","valueRequired":true,"valueName":"search_term_string"}}],"inLanguage":"tr"}]}},"_links":{"self":[{"href":"https:\/\/eskisehirdogaltas.com\/index.php?rest_route=\/wp\/v2\/product\/7706","targetHints":{"allow":["GET"]}}],"collection":[{"href":"https:\/\/eskisehirdogaltas.com\/index.php?rest_route=\/wp\/v2\/product"}],"about":[{"href":"https:\/\/eskisehirdogaltas.com\/index.php?rest_route=\/wp\/v2\/types\/product"}],"replies":[{"embeddable":true,"href":"https:\/\/eskisehirdogaltas.com\/index.php?rest_route=%2Fwp%2Fv2%2Fcomments&post=7706"}],"wp:featuredmedia":[{"embeddable":true,"href":"https:\/\/eskisehirdogaltas.com\/index.php?rest_route=\/wp\/v2\/media\/7722"}],"wp:attachment":[{"href":"https:\/\/eskisehirdogaltas.com\/index.php?rest_route=%2Fwp%2Fv2%2Fmedia&parent=7706"}],"wp:term":[{"taxonomy":"product_brand","embeddable":true,"href":"https:\/\/eskisehirdogaltas.com\/index.php?rest_route=%2Fwp%2Fv2%2Fproduct_brand&post=7706"},{"taxonomy":"product_cat","embeddable":true,"href":"https:\/\/eskisehirdogaltas.com\/index.php?rest_route=%2Fwp%2Fv2%2Fproduct_cat&post=7706"},{"taxonomy":"product_tag","embeddable":true,"href":"https:\/\/eskisehirdogaltas.com\/index.php?rest_route=%2Fwp%2Fv2%2Fproduct_tag&post=7706"}],"curies":[{"name":"wp","href":"https:\/\/api.w.org\/{rel}","templated":true}]}}