{"id":8709,"date":"2022-03-16T20:04:01","date_gmt":"2022-03-16T17:04:01","guid":{"rendered":"http:\/\/eskisehirdogaltas.com\/?post_type=product&#038;p=8709"},"modified":"2022-03-16T20:04:14","modified_gmt":"2022-03-16T17:04:14","slug":"tas-evler","status":"publish","type":"product","link":"https:\/\/eskisehirdogaltas.com\/?product=tas-evler","title":{"rendered":"ta\u015f evler"},"content":{"rendered":"<p>Ta\u015f Yap\u0131lar; dayan\u0131kl\u0131, uzun \u00f6m\u00fcrl\u00fc, sa\u011fl\u0131kl\u0131, do\u011faya uyumlu, nefes alabilen, hi\u00e7bir zararl\u0131 kimyasal i\u00e7ermeyen, kirli havay\u0131 filtreleyen, deprem-sel-yang\u0131n gibi do\u011fal afetlere kar\u015f\u0131 dayan\u0131kl\u0131, y\u00fczy\u0131llarca ayakta kalabilen yap\u0131lard\u0131r. Bu sebeple TA\u015e EVLER tercih edilmektedir.<\/p>\n","protected":false},"excerpt":{"rendered":"<p>Ta\u015f Yap\u0131lar; dayan\u0131kl\u0131, uzun \u00f6m\u00fcrl\u00fc, sa\u011fl\u0131kl\u0131, do\u011faya uyumlu, nefes alabilen, hi\u00e7bir zararl\u0131 kimyasal i\u00e7ermeyen, kirli havay\u0131 filtreleyen, deprem-sel-yang\u0131n gibi do\u011fal afetlere kar\u015f\u0131 dayan\u0131kl\u0131, y\u00fczy\u0131llarca ayakta kalabilen yap\u0131lard\u0131r. Bu sebeple TA\u015e EVLER tercih edilmektedir.<\/p>\n","protected":false},"featured_media":8710,"comment_status":"open","ping_status":"closed","template":"","meta":{"_acf_changed":false},"product_brand":[],"product_cat":[105],"product_tag":[],"class_list":{"0":"post-8709","1":"product","2":"type-product","3":"status-publish","4":"has-post-thumbnail","6":"product_cat-tas-evler","8":"first","9":"instock","10":"shipping-taxable","11":"product-type-simple"},"acf":[],"yoast_head":"<!-- This site is optimized with the Yoast SEO plugin v24.6 - https:\/\/yoast.com\/wordpress\/plugins\/seo\/ -->\n<title>ta\u015f evler - Eski\u015fehir do\u011falta\u015f<\/title>\n<meta name=\"robots\" content=\"index, follow, max-snippet:-1, max-image-preview:large, max-video-preview:-1\" \/>\n<link rel=\"canonical\" href=\"https:\/\/eskisehirdogaltas.com\/?product=tas-evler\" \/>\n<meta property=\"og:locale\" content=\"tr_TR\" \/>\n<meta property=\"og:type\" content=\"article\" \/>\n<meta property=\"og:title\" content=\"ta\u015f evler - Eski\u015fehir do\u011falta\u015f\" \/>\n<meta property=\"og:description\" content=\"Ta\u015f Yap\u0131lar; dayan\u0131kl\u0131, uzun \u00f6m\u00fcrl\u00fc, sa\u011fl\u0131kl\u0131, do\u011faya uyumlu, nefes alabilen, hi\u00e7bir zararl\u0131 kimyasal i\u00e7ermeyen, kirli havay\u0131 filtreleyen, deprem-sel-yang\u0131n gibi do\u011fal afetlere kar\u015f\u0131 dayan\u0131kl\u0131, y\u00fczy\u0131llarca ayakta kalabilen yap\u0131lard\u0131r. Bu sebeple TA\u015e EVLER tercih edilmektedir.\" \/>\n<meta property=\"og:url\" content=\"https:\/\/eskisehirdogaltas.com\/?product=tas-evler\" \/>\n<meta property=\"og:site_name\" content=\"Eski\u015fehir do\u011falta\u015f\" \/>\n<meta property=\"article:modified_time\" content=\"2022-03-16T17:04:14+00:00\" \/>\n<meta property=\"og:image\" content=\"https:\/\/eskisehirdogaltas.com\/wp-content\/uploads\/2022\/03\/tas.jpg\" \/>\n\t<meta property=\"og:image:width\" content=\"600\" \/>\n\t<meta property=\"og:image:height\" content=\"436\" \/>\n\t<meta property=\"og:image:type\" content=\"image\/jpeg\" \/>\n<meta name=\"twitter:card\" content=\"summary_large_image\" \/>\n<script type=\"application\/ld+json\" class=\"yoast-schema-graph\">{\"@context\":\"https:\/\/schema.org\",\"@graph\":[{\"@type\":\"WebPage\",\"@id\":\"https:\/\/eskisehirdogaltas.com\/?product=tas-evler\",\"url\":\"https:\/\/eskisehirdogaltas.com\/?product=tas-evler\",\"name\":\"ta\u015f evler - Eski\u015fehir do\u011falta\u015f\",\"isPartOf\":{\"@id\":\"https:\/\/eskisehirdogaltas.com\/#website\"},\"primaryImageOfPage\":{\"@id\":\"https:\/\/eskisehirdogaltas.com\/?product=tas-evler#primaryimage\"},\"image\":{\"@id\":\"https:\/\/eskisehirdogaltas.com\/?product=tas-evler#primaryimage\"},\"thumbnailUrl\":\"https:\/\/eskisehirdogaltas.com\/wp-content\/uploads\/2022\/03\/tas.jpg\",\"datePublished\":\"2022-03-16T17:04:01+00:00\",\"dateModified\":\"2022-03-16T17:04:14+00:00\",\"breadcrumb\":{\"@id\":\"https:\/\/eskisehirdogaltas.com\/?product=tas-evler#breadcrumb\"},\"inLanguage\":\"tr\",\"potentialAction\":[{\"@type\":\"ReadAction\",\"target\":[\"https:\/\/eskisehirdogaltas.com\/?product=tas-evler\"]}]},{\"@type\":\"ImageObject\",\"inLanguage\":\"tr\",\"@id\":\"https:\/\/eskisehirdogaltas.com\/?product=tas-evler#primaryimage\",\"url\":\"https:\/\/eskisehirdogaltas.com\/wp-content\/uploads\/2022\/03\/tas.jpg\",\"contentUrl\":\"https:\/\/eskisehirdogaltas.com\/wp-content\/uploads\/2022\/03\/tas.jpg\",\"width\":600,\"height\":436},{\"@type\":\"BreadcrumbList\",\"@id\":\"https:\/\/eskisehirdogaltas.com\/?product=tas-evler#breadcrumb\",\"itemListElement\":[{\"@type\":\"ListItem\",\"position\":1,\"name\":\"Ana sayfa\",\"item\":\"https:\/\/eskisehirdogaltas.com\/\"},{\"@type\":\"ListItem\",\"position\":2,\"name\":\"Shop\",\"item\":\"https:\/\/eskisehirdogaltas.com\/?page_id=2789\"},{\"@type\":\"ListItem\",\"position\":3,\"name\":\"ta\u015f evler\"}]},{\"@type\":\"WebSite\",\"@id\":\"https:\/\/eskisehirdogaltas.com\/#website\",\"url\":\"https:\/\/eskisehirdogaltas.com\/\",\"name\":\"Eski\u015fehir do\u011falta\u015f\",\"description\":\"TA\u015e YAPI MARKET\",\"potentialAction\":[{\"@type\":\"SearchAction\",\"target\":{\"@type\":\"EntryPoint\",\"urlTemplate\":\"https:\/\/eskisehirdogaltas.com\/?s={search_term_string}\"},\"query-input\":{\"@type\":\"PropertyValueSpecification\",\"valueRequired\":true,\"valueName\":\"search_term_string\"}}],\"inLanguage\":\"tr\"}]}<\/script>\n<!-- \/ Yoast SEO plugin. -->","yoast_head_json":{"title":"ta\u015f evler - Eski\u015fehir do\u011falta\u015f","robots":{"index":"index","follow":"follow","max-snippet":"max-snippet:-1","max-image-preview":"max-image-preview:large","max-video-preview":"max-video-preview:-1"},"canonical":"https:\/\/eskisehirdogaltas.com\/?product=tas-evler","og_locale":"tr_TR","og_type":"article","og_title":"ta\u015f evler - Eski\u015fehir do\u011falta\u015f","og_description":"Ta\u015f Yap\u0131lar; dayan\u0131kl\u0131, uzun \u00f6m\u00fcrl\u00fc, sa\u011fl\u0131kl\u0131, do\u011faya uyumlu, nefes alabilen, hi\u00e7bir zararl\u0131 kimyasal i\u00e7ermeyen, kirli havay\u0131 filtreleyen, deprem-sel-yang\u0131n gibi do\u011fal afetlere kar\u015f\u0131 dayan\u0131kl\u0131, y\u00fczy\u0131llarca ayakta kalabilen yap\u0131lard\u0131r. Bu sebeple TA\u015e EVLER tercih edilmektedir.","og_url":"https:\/\/eskisehirdogaltas.com\/?product=tas-evler","og_site_name":"Eski\u015fehir do\u011falta\u015f","article_modified_time":"2022-03-16T17:04:14+00:00","og_image":[{"width":600,"height":436,"url":"https:\/\/eskisehirdogaltas.com\/wp-content\/uploads\/2022\/03\/tas.jpg","type":"image\/jpeg"}],"twitter_card":"summary_large_image","schema":{"@context":"https:\/\/schema.org","@graph":[{"@type":"WebPage","@id":"https:\/\/eskisehirdogaltas.com\/?product=tas-evler","url":"https:\/\/eskisehirdogaltas.com\/?product=tas-evler","name":"ta\u015f evler - Eski\u015fehir do\u011falta\u015f","isPartOf":{"@id":"https:\/\/eskisehirdogaltas.com\/#website"},"primaryImageOfPage":{"@id":"https:\/\/eskisehirdogaltas.com\/?product=tas-evler#primaryimage"},"image":{"@id":"https:\/\/eskisehirdogaltas.com\/?product=tas-evler#primaryimage"},"thumbnailUrl":"https:\/\/eskisehirdogaltas.com\/wp-content\/uploads\/2022\/03\/tas.jpg","datePublished":"2022-03-16T17:04:01+00:00","dateModified":"2022-03-16T17:04:14+00:00","breadcrumb":{"@id":"https:\/\/eskisehirdogaltas.com\/?product=tas-evler#breadcrumb"},"inLanguage":"tr","potentialAction":[{"@type":"ReadAction","target":["https:\/\/eskisehirdogaltas.com\/?product=tas-evler"]}]},{"@type":"ImageObject","inLanguage":"tr","@id":"https:\/\/eskisehirdogaltas.com\/?product=tas-evler#primaryimage","url":"https:\/\/eskisehirdogaltas.com\/wp-content\/uploads\/2022\/03\/tas.jpg","contentUrl":"https:\/\/eskisehirdogaltas.com\/wp-content\/uploads\/2022\/03\/tas.jpg","width":600,"height":436},{"@type":"BreadcrumbList","@id":"https:\/\/eskisehirdogaltas.com\/?product=tas-evler#breadcrumb","itemListElement":[{"@type":"ListItem","position":1,"name":"Ana sayfa","item":"https:\/\/eskisehirdogaltas.com\/"},{"@type":"ListItem","position":2,"name":"Shop","item":"https:\/\/eskisehirdogaltas.com\/?page_id=2789"},{"@type":"ListItem","position":3,"name":"ta\u015f evler"}]},{"@type":"WebSite","@id":"https:\/\/eskisehirdogaltas.com\/#website","url":"https:\/\/eskisehirdogaltas.com\/","name":"Eski\u015fehir do\u011falta\u015f","description":"TA\u015e YAPI MARKET","potentialAction":[{"@type":"SearchAction","target":{"@type":"EntryPoint","urlTemplate":"https:\/\/eskisehirdogaltas.com\/?s={search_term_string}"},"query-input":{"@type":"PropertyValueSpecification","valueRequired":true,"valueName":"search_term_string"}}],"inLanguage":"tr"}]}},"_links":{"self":[{"href":"https:\/\/eskisehirdogaltas.com\/index.php?rest_route=\/wp\/v2\/product\/8709","targetHints":{"allow":["GET"]}}],"collection":[{"href":"https:\/\/eskisehirdogaltas.com\/index.php?rest_route=\/wp\/v2\/product"}],"about":[{"href":"https:\/\/eskisehirdogaltas.com\/index.php?rest_route=\/wp\/v2\/types\/product"}],"replies":[{"embeddable":true,"href":"https:\/\/eskisehirdogaltas.com\/index.php?rest_route=%2Fwp%2Fv2%2Fcomments&post=8709"}],"wp:featuredmedia":[{"embeddable":true,"href":"https:\/\/eskisehirdogaltas.com\/index.php?rest_route=\/wp\/v2\/media\/8710"}],"wp:attachment":[{"href":"https:\/\/eskisehirdogaltas.com\/index.php?rest_route=%2Fwp%2Fv2%2Fmedia&parent=8709"}],"wp:term":[{"taxonomy":"product_brand","embeddable":true,"href":"https:\/\/eskisehirdogaltas.com\/index.php?rest_route=%2Fwp%2Fv2%2Fproduct_brand&post=8709"},{"taxonomy":"product_cat","embeddable":true,"href":"https:\/\/eskisehirdogaltas.com\/index.php?rest_route=%2Fwp%2Fv2%2Fproduct_cat&post=8709"},{"taxonomy":"product_tag","embeddable":true,"href":"https:\/\/eskisehirdogaltas.com\/index.php?rest_route=%2Fwp%2Fv2%2Fproduct_tag&post=8709"}],"curies":[{"name":"wp","href":"https:\/\/api.w.org\/{rel}","templated":true}]}}